{"id":18792,"date":"2020-09-10T12:28:31","date_gmt":"2020-09-10T12:28:31","guid":{"rendered":"https:\/\/www.frauenkulturbuero-nrw.de\/?page_id=18792"},"modified":"2026-02-19T13:36:12","modified_gmt":"2026-02-19T13:36:12","slug":"culture-loop-3","status":"publish","type":"page","link":"https:\/\/www.frauenkulturbuero-nrw.de\/?page_id=18792","title":{"rendered":"Culture Loop"},"content":{"rendered":"<p><img fetchpriority=\"high\" decoding=\"async\" class=\"alignright size-full wp-image-18829\" title=\"Malkasten farbig\" src=\"https:\/\/www.frauenkulturbuero-nrw.de\/wp-content\/uploads\/Malkasten-farbig.jpg\" alt=\"\" width=\"1888\" height=\"658\" srcset=\"https:\/\/www.frauenkulturbuero-nrw.de\/wp-content\/uploads\/Malkasten-farbig.jpg 1888w, https:\/\/www.frauenkulturbuero-nrw.de\/wp-content\/uploads\/Malkasten-farbig-400x139.jpg 400w, https:\/\/www.frauenkulturbuero-nrw.de\/wp-content\/uploads\/Malkasten-farbig-700x244.jpg 700w, https:\/\/www.frauenkulturbuero-nrw.de\/wp-content\/uploads\/Malkasten-farbig-768x268.jpg 768w, https:\/\/www.frauenkulturbuero-nrw.de\/wp-content\/uploads\/Malkasten-farbig-1536x535.jpg 1536w, https:\/\/www.frauenkulturbuero-nrw.de\/wp-content\/uploads\/Malkasten-farbig-250x87.jpg 250w, https:\/\/www.frauenkulturbuero-nrw.de\/wp-content\/uploads\/Malkasten-farbig-390x136.jpg 390w\" sizes=\"(max-width: 1888px) 100vw, 1888px\" \/><\/p>\n<h1><strong>\u201eStarke Frauen\u201c aus der Kunstwelt<\/strong><\/h1>\n<h2><strong>Eine Kooperation des Frauenkulturb\u00fcros mit dem K\u00fcnstlerverein Malkasten<br \/>\n<\/strong><\/h2>\n<p><strong>http:\/\/malkasten.org\/culture-loop\/<\/strong><\/p>\n<hr \/>\n<h1>Ist die kunst noch autonom?<\/h1>\n<p><img decoding=\"async\" class=\"aligncenter size-medium wp-image-20524\" src=\"https:\/\/www.frauenkulturbuero-nrw.de\/wp-content\/uploads\/Foto-Melanie-Richter-400x286.jpg\" alt=\"\" width=\"400\" height=\"286\" srcset=\"https:\/\/www.frauenkulturbuero-nrw.de\/wp-content\/uploads\/Foto-Melanie-Richter-400x286.jpg 400w, https:\/\/www.frauenkulturbuero-nrw.de\/wp-content\/uploads\/Foto-Melanie-Richter-768x548.jpg 768w, https:\/\/www.frauenkulturbuero-nrw.de\/wp-content\/uploads\/Foto-Melanie-Richter-700x500.jpg 700w, https:\/\/www.frauenkulturbuero-nrw.de\/wp-content\/uploads\/Foto-Melanie-Richter-1536x1097.jpg 1536w, https:\/\/www.frauenkulturbuero-nrw.de\/wp-content\/uploads\/Foto-Melanie-Richter-250x179.jpg 250w, https:\/\/www.frauenkulturbuero-nrw.de\/wp-content\/uploads\/Foto-Melanie-Richter-390x279.jpg 390w, https:\/\/www.frauenkulturbuero-nrw.de\/wp-content\/uploads\/Foto-Melanie-Richter.jpg 1770w\" sizes=\"(max-width: 400px) 100vw, 400px\" \/><\/p>\n<h2>Podiumsdiskussion am\u00a0DI, 28. SEPT. 2021, 19 BIS 22 UHR<\/h2>\n<h2>K\u00dcNSTLERVEREIN MALKASTEN \u00b7 JACOBISTR. 6A \u00b7 40211 D\u00dcSSELDORF \u00b7 0211. 35 64 71 \u00b7 <a href=\"mailto:INFO@MALKASTEN.ORG\">INFO@MALKASTEN.ORG<\/a><\/h2>\n<p>GISELA CAPITAIN<\/p>\n<p>PROF. KARIN KNEFFEL<\/p>\n<p>PROF. PIA STADTB\u00c4UMER<\/p>\n<p>MODERATION: CHRISTIANE HOFFMANS<\/p>\n<p>Wie autonom k\u00f6nnen K\u00fcnstlerinnen und K\u00fcnstler heute noch arbeiten?<br \/>\nWie stark sind sie von Marktmechanismen abh\u00e4ngig \u2013 wie stark machen sie sich davon abh\u00e4ngig?<br \/>\nHat sich der Wunsch nach selbstbestimmter Gestaltung aufgrund der Corona-Krise ver\u00e4ndert?<br \/>\nSollten K\u00fcnstlerInnen nicht gerade in Krisenzeiten unbeirrt ihrem eigenen Kompass folgen?<\/p>\n<p>Mit diesen Fragen besch\u00e4ftigen sich die Galeristin Gisela Capitain (K\u00f6ln und Berlin), die K\u00fcnstlerinnen Professorin Karin Kneffel (D\u00fcsseldorf) und Professorin Pia Stadtb\u00e4umer (D\u00fcsseldorf). Moderiert wird die Veranstaltung von Dr. Christiane Hoffmans (Welt am Sonntag).<\/p>\n<p>Zu dieser Veranstaltung l\u00e4dt die K\u00fcnstlerin Melanie Richter ein \u2013 in Zusammenarbeit mit dem Frauenkulturb\u00fcro NRW im Rahmen der Veranstaltungsreihe \u201eculture loop. Starke Frauen in der Kunst\u201c.<\/p>\n<p>19.00 Uhr: Einlass<br \/>\n19.15 Uhr: Begr\u00fcssung<br \/>\n19.20 Uhr: Diskussion<br \/>\n20.30 Uhr: Get Together<\/p>\n<p>Die Teilnehmeranzahl ist begrenzt. Anmeldung bitte unter: <a href=\"mailto:info@malkasten.org\">info@malkasten.org<\/a><br \/>\nEs gelten die zur Zeit g\u00fcltigen Corona Hygiene- und Abstandsregelungen.<br \/>\nDie Veranstaltung wird zu Dokumentationszwecken gefilmt und fotografiert werden.<\/p>\n<p>Mehr Informationen zu \u00bbCulture Loop\u00bb unter <a href=\"http:\/\/malkasten.org\/culture-loop\/\">malkasten.org\/culture-loop\/<\/a><\/p>\n<hr \/>\n<h1>Durch deine Augen.<\/h1>\n<h2>Ausstellung, Installation und Performance am 1. Dezember 2020<\/h2>\n<p><img decoding=\"async\" class=\"wp-image-19604 size-medium aligncenter\" title=\"COVER_LOOP_MARIE-1-1\" src=\"https:\/\/www.frauenkulturbuero-nrw.de\/wp-content\/uploads\/COVER_LOOP_MARIE-1-1-284x400.jpg\" alt=\"\" width=\"284\" height=\"400\" \/><strong>KRISTIN WENZEL<\/strong><br \/>\n<strong>ANNA SOKOLOVA<\/strong><br \/>\n<strong>JUNGWOON KIM<br \/>\n<\/strong>organisiert von <strong>MARIE OGOSHI<br \/>\n<\/strong><\/p>\n<p>Ort: K\u00fcnstlerverein Malkasten D\u00fcsseldorf, Vitrine und K\u00fcnstlerkeller im Hentrichhaus<\/p>\n<p>Ab Dienstag, den 1. Dezember 2020 k\u00f6nnen die Installationen von Jungwoon Kim und Anna Sokolova jeden Tag zwischen 17 und 22 Uhr von au\u00dfen (Vorplatz des Hentrichhauses) besichtigt werden. Kristin Wenzel zeigt eine Bildarbeit im gro\u00dfen Schaukasten rechts vom Eingang.<br \/>\nAuf Grund der Corona Beschr\u00e4nkungen im November und Dezember 2020 ist auch diese Ausgabe von \u00bbCulture Loop\u00ab eine hybride Form zwischen Online-Pr\u00e4sentation, K\u00fcnstlerportraits, Installationen und Fotografien.<br \/>\nhttps:\/\/malkasten.org\/culture-loop_durchdeineaugen_preview\/<\/p>\n<hr \/>\n<h1>Ist die Kunst noch autonom?<\/h1>\n<h2>Podiumsdiskussion<\/h2>\n<p><strong>Diese Veranstaltung wird auf n\u00e4chstes Jahr verschoben.<\/strong><\/p>\n<p>Wie autonom k\u00f6nnen K\u00fcnstlerinnen und K\u00fcnstler heute noch arbeiten? Wie stark sind sie von Marktmechanismen abh\u00e4ngig \u2013 oder wie stark machen sie sich davon abh\u00e4ngig? Ist die Autonomie der Kunst nicht eine Chim\u00e4re? Oder: Braucht unsere Gesellschaft in Krisenzeiten nicht\u00a0 st\u00e4rker denn je K\u00fcnstlerinnen und K\u00fcnstler, die unbeirrt ihren eigenen Weg verfolgen? Die K\u00fcnstlerin MELANIE RICHTER l\u00e4dt im Rahmen der Kooperation mit dem Frauenkulturb\u00fcro NRW\u00a0\u00bbCulture Loop\u00ab\u00a0zum Gespr\u00e4ch.<br \/>\nDie Kulturredakteurin Dr. Christiane Hoffmans (WELT AM SONNTAG) diskutiert mit der Galeristin GISELA CAPITAIN (K\u00f6ln und Berlin) und den D\u00fcsseldorfer K\u00fcnstlerinnen KARIN KNEFFEL (Malerei) und\u00a0 PIA STADTB\u00c4UMER (Bildhauerei) \u00fcber Fragen und Erfahrungen zur\u00a0 Autonomie der Kunst.<\/p>\n<hr \/>\n<p>Ebenso in Planung steht ein gro\u00dfes K\u00fcnstlerinnenfest zum 30-j\u00e4hrigen Bestehen des Frauenkulturb\u00fcros 2021, zu dem in der 100-j\u00e4hrigen Tradition des Malkastens internationale G\u00e4ste geladen werden sollten.<\/p>\n<hr \/>\n<p>Vier K\u00fcnstlerinnen aus dem Vorstand des K\u00fcnstlervereins Malkasten &#8211; <a href=\"http:\/\/www.katjastuke.de\/\" target=\"_blank\" rel=\"noopener noreferrer\">Katja Stuke<\/a>, <a href=\"https:\/\/marieogoshi.carbonmade.com\/\" target=\"_blank\" rel=\"noopener noreferrer\">Marie Ogoshi<\/a>, <a href=\"http:\/\/melanierichter.de\/\" target=\"_blank\" rel=\"noopener noreferrer\">Melanie Richter<\/a> und <a href=\"https:\/\/susanneristow.com\/\" target=\"_blank\" rel=\"noopener noreferrer\">Dr. Susanne Ristow<\/a> &#8211; entwickeln vier Veranstaltungen f\u00fcr das laufende Jahr, die aus unterschiedlichen Perspektiven von K\u00fcnstler*innen einen Blick auf diverse Aspekte der bildenden Kunst werfen.<\/p>\n<p>Bei seiner Gr\u00fcndung im Jahr 1848 hatte der K\u00fcnstlerverein Malkasten nur m\u00e4nnliche Mitglieder. Ebenso war es Frauen verwehrt sich an Kunstakademien einzuschreiben. Mit den gesellschaftlichen Ver\u00e4nderungen in den 70er Jahren des 20-sten Jahrhunderts, wurden im K\u00fcnstlerverein auch K\u00fcnstlerinnen zugelassen. Heute beteiligen sich K\u00fcnstlerinnen selbstverst\u00e4ndlich am Vereinsleben, den Veranstaltungen und Ausstellungen. So beteiligten sich am zur\u00fcckliegenden \u201eKleinen Format\u201c\u00a0 2019- 2020 im Jacobihaus 82 K\u00fcnstlerinnen- und 83 K\u00fcnstler, allesamt Mitglieder. Der K\u00fcnstlerverein Malkasten ohne K\u00fcnstlerinnen w\u00e4re heute v\u00f6llig undenkbar.<\/p>\n<hr \/>\n<h1>STRANGE DAYS<\/h1>\n<h2>Erinnerung ist ein Gespenst<\/h2>\n<div id=\"attachment_19032\" style=\"width: 294px\" class=\"wp-caption aligncenter\"><img loading=\"lazy\" decoding=\"async\" aria-describedby=\"caption-attachment-19032\" class=\"wp-image-19032 size-medium\" title=\"COVER_VIDEO-scaled (002)\" src=\"https:\/\/www.frauenkulturbuero-nrw.de\/wp-content\/uploads\/COVER_VIDEO-scaled-002-284x400.jpg\" alt=\"\" width=\"284\" height=\"400\" srcset=\"https:\/\/www.frauenkulturbuero-nrw.de\/wp-content\/uploads\/COVER_VIDEO-scaled-002-284x400.jpg 284w, https:\/\/www.frauenkulturbuero-nrw.de\/wp-content\/uploads\/COVER_VIDEO-scaled-002-426x600.jpg 426w, https:\/\/www.frauenkulturbuero-nrw.de\/wp-content\/uploads\/COVER_VIDEO-scaled-002-768x1083.jpg 768w, https:\/\/www.frauenkulturbuero-nrw.de\/wp-content\/uploads\/COVER_VIDEO-scaled-002-1090x1536.jpg 1090w, https:\/\/www.frauenkulturbuero-nrw.de\/wp-content\/uploads\/COVER_VIDEO-scaled-002-1453x2048.jpg 1453w, https:\/\/www.frauenkulturbuero-nrw.de\/wp-content\/uploads\/COVER_VIDEO-scaled-002-250x352.jpg 250w, https:\/\/www.frauenkulturbuero-nrw.de\/wp-content\/uploads\/COVER_VIDEO-scaled-002-390x550.jpg 390w, https:\/\/www.frauenkulturbuero-nrw.de\/wp-content\/uploads\/COVER_VIDEO-scaled-002.jpg 1816w\" sizes=\"(max-width: 284px) 100vw, 284px\" \/><p id=\"caption-attachment-19032\" class=\"wp-caption-text\">Foto: Katja Stuke<\/p><\/div>\n<p>\u00bbCulture Loop\u00ab geht in die zweite Runde. In Kooperation mit dem Frauenkulturb\u00fcro kuratieren die vier K\u00fcnstlerinnen im Vorstand des K\u00fcnstlervereins spannende k\u00fcnstlerische Positionen.<br \/>\nKatja Stuke hat sich f\u00fcr die Videok\u00fcnstlerinnen Natacha Nisic (Paris), Luise Schr\u00f6der (Potsdam, Leipzig, Paris) und Alisa Berger (K\u00f6ln, Tokyo) entschieden mit dem Ziel, jeweils eine ihrer Videoarbeiten gro\u00dfformatig im Theatersaal des Malkastens zu pr\u00e4sentieren und in einer Gespr\u00e4chsrunde mit Dr. Doris Krystof (K21, D\u00fcsseldorf) zu diskutieren. Alle drei K\u00fcnstlerinnen besch\u00e4ftigen sich auf jeweils unterschiedliche Art und Weise mit der Fragestellung nach Erinnerung, Geschichte und Mythen. Die Rezeption dieser Arbeiten ver\u00e4ndert sich zur Zeit immer wieder neu und auch die Perspektive der K\u00fcnstlerinnen auf ihr eigenes Werk unterliegt st\u00e4ndigen \u00c4nderungen. Wie schon die erste \u00bbCulture Loop\u00ab Veranstaltung wird auch \u00bbStrange Days\u00ab eine hybride Form zwischen Online-Pr\u00e4sentationen, Interviews, Fotografien und einem virtuellen Treffen finden. Zudem wird vom 2. Juni bis 14. Juli der Schaukasten rechts vor dem Hentrichhaus erstmalig bespielt werden.<br \/>\nAlle Beteiligten entwickeln zwischen Tokyo, Potsdam, D\u00fcsseldorf und Paris verschiedene Formate, die ab dem 2. Juni online unter diesem Link\u00bb\u00bb zu sehen zu sehen sein werden.<br \/>\nAm 9. Juni wird um 19 Uhr die Gespr\u00e4chsrunde zwischen den vier Beteiligten in einem ZOOM-Meeting stattfinden. Der Link zu dem Meeting wird unter dem gleichen Link am 2. Juni ver\u00f6ffentlicht.<\/p>\n<p>Bei einem sp\u00e4teren \u201aUpdate\u2018 soll eine kleine Publikation vorgestellt werden, bei der dann alle Beteiligten hoffentlich in D\u00fcsseldorf aufeinandertreffen.<br \/>\nAb 2. Juni 2020: alle Videos an dieser Stelle online<br \/>\n9. Juni 2020 19 \u2013 20 Uhr (p\u00fcnklich): Culture Loop<br \/>\nZOOM Gespr\u00e4chsrunde<br \/>\n<a href=\"https:\/\/www.frauenkulturbuero-nrw.de\/wp-content\/uploads\/KARTEN_LOOP_VIDEO.pdf\">KARTEN_LOOP_VIDEO<\/a><\/p>\n<hr \/>\n<h1>AMBULANZ\/\/\/\/\/\/DOC SU &amp; TRICKSTER ANGELIKA<\/h1>\n<div id=\"attachment_18879\" style=\"width: 293px\" class=\"wp-caption aligncenter\"><img loading=\"lazy\" decoding=\"async\" aria-describedby=\"caption-attachment-18879\" class=\"wp-image-18879 size-medium\" title=\"KARTEN_LOOP_ANGELIKA_PRINT-1 (002)\" src=\"https:\/\/www.frauenkulturbuero-nrw.de\/wp-content\/uploads\/KARTEN_LOOP_ANGELIKA_PRINT-1-002-2-283x400.jpg\" alt=\"\" width=\"283\" height=\"400\" \/><p id=\"caption-attachment-18879\" class=\"wp-caption-text\">Abb.: \u00a9 Volker Hermes \u201eHidden Kauffmann\u201c Fotocollage (2019)<\/p><\/div>\n<p>Zur lebhaften Erinnerung an die derzeit geschlossene Ausstellung im Kunstpalast behandelt die D\u00fcsseldorfer K\u00fcnstlerin und Medienwissenschaftlerin Dr. Susanne Ristow am Beispiel der vielgereisten, weltoffenen K\u00fcnstlerin und Europ\u00e4erin Angelika Kauffmann in ihrer kulturvirologischen AMBULANZ Streitfragen gegenw\u00e4rtiger Geschlechterrollen. Mit dabei sind: K\u00fcnstler*innen und Wissenschaftler*innen wie die Kauffmann-Expertin und Kuratorin Dr. Bettina Baumg\u00e4rtel, die Kulturwissenschaftlerin Prof. Dr. Christina von Braun, die Literaturwissenschaftlerin Dr. Verena Meis, die K\u00fcnstler*innen Volker Hermes und Aylin Leclaire und das Publikum.<br \/>\nDie Gespr\u00e4chsrunde war eigentlich im Anschluss eines Rundganges durch die Ausstellung Angelika Kauffmann. K\u00fcnstlerin, Powerfrau, Influencerin im nahegelegenen Malkasten geplant, doch dieser ist &#8211; wie alle anderen Kultureinrichtungen auch &#8211; aufgrund der Corona.Krise geschlossen. Daf\u00fcr wird es nun zu einer konzertanten Zusammenarbeit zwischen den beiden Musikerinnen Irmgard Zavelberg (Violine) und Martina Horeijsi (Viola) des Rubin Quartetts K\u00f6ln und Volker Hermes kommen. Da seine Digitalcollagen nicht wie geplant im Malkasten als Screening gezeigt werden k\u00f6nnen, wird die K\u00fcnstlerin X\u00e9nia Imrov\u00e1 eine Videoeinspielung von Mozart Duos aus dem derzeit geschlossenen Park und dem Jacobihaus mit von ihm bearbeiteten Kauffmann-Motiven audiovisuell verbinden.<br \/>\nAm Dienstag, den 5.5. um 19 Uhr laden wir zum Online-Aperitivo ANGELIKA mit Dr. Susanne Ristow ein!<\/p>\n","protected":false},"excerpt":{"rendered":"<p>Culture Loop am\u00a028.09.2021 im Malkasten D\u00fcsseldorf<\/p>\n","protected":false},"author":4,"featured_media":20524,"parent":64,"menu_order":68,"comment_status":"closed","ping_status":"closed","template":"","meta":{"footnotes":""},"class_list":["post-18792","page","type-page","status-publish","has-post-thumbnail","hentry"],"_links":{"self":[{"href":"https:\/\/www.frauenkulturbuero-nrw.de\/index.php?rest_route=\/wp\/v2\/pages\/18792","targetHints":{"allow":["GET"]}}],"collection":[{"href":"https:\/\/www.frauenkulturbuero-nrw.de\/index.php?rest_route=\/wp\/v2\/pages"}],"about":[{"href":"https:\/\/www.frauenkulturbuero-nrw.de\/index.php?rest_route=\/wp\/v2\/types\/page"}],"author":[{"embeddable":true,"href":"https:\/\/www.frauenkulturbuero-nrw.de\/index.php?rest_route=\/wp\/v2\/users\/4"}],"replies":[{"embeddable":true,"href":"https:\/\/www.frauenkulturbuero-nrw.de\/index.php?rest_route=%2Fwp%2Fv2%2Fcomments&post=18792"}],"version-history":[{"count":5,"href":"https:\/\/www.frauenkulturbuero-nrw.de\/index.php?rest_route=\/wp\/v2\/pages\/18792\/revisions"}],"predecessor-version":[{"id":20525,"href":"https:\/\/www.frauenkulturbuero-nrw.de\/index.php?rest_route=\/wp\/v2\/pages\/18792\/revisions\/20525"}],"up":[{"embeddable":true,"href":"https:\/\/www.frauenkulturbuero-nrw.de\/index.php?rest_route=\/wp\/v2\/pages\/64"}],"wp:featuredmedia":[{"embeddable":true,"href":"https:\/\/www.frauenkulturbuero-nrw.de\/index.php?rest_route=\/wp\/v2\/media\/20524"}],"wp:attachment":[{"href":"https:\/\/www.frauenkulturbuero-nrw.de\/index.php?rest_route=%2Fwp%2Fv2%2Fmedia&parent=18792"}],"curies":[{"name":"wp","href":"https:\/\/api.w.org\/{rel}","templated":true}]}}