{"id":23148,"date":"2025-05-08T15:43:13","date_gmt":"2025-05-08T15:43:13","guid":{"rendered":"https:\/\/www.frauenkulturbuero-nrw.de\/?page_id=23148"},"modified":"2025-05-26T14:15:31","modified_gmt":"2025-05-26T14:15:31","slug":"panel-talks","status":"publish","type":"page","link":"https:\/\/www.frauenkulturbuero-nrw.de\/?page_id=23148","title":{"rendered":"Panel-Talks"},"content":{"rendered":"<h2>Paneltalk-Reihe: Perspektiven f\u00fcr die Zukunft<\/h2>\n<p data-start=\"328\" data-end=\"627\">Mit der Schlie\u00dfung des B\u00fcrostandorts in der Fabrik Heeder endet ein Kapitel \u2013 doch der Verein Frauenkulturb\u00fcro NRW bleibt aktiv. Statt Stillstand setzt der Vorstand auf Neuausrichtung: Als Impulsgeberin f\u00fcr gleichstellungspolitische Transformationsprozesse geht die Arbeit mit neuen Formaten weiter.<\/p>\n<p data-start=\"629\" data-end=\"1095\">Im Zentrum steht ab Fr\u00fchjahr 2025 die Gespr\u00e4chsreihe <strong data-start=\"682\" data-end=\"711\">\u201eFrauen \u2013 Kultur \u2013 B\u00fcro?\u201c<\/strong>: In moderierten Paneltalks mit G\u00e4sten aus Kunst, Wissenschaft, Kulturpolitik und Gesellschaft werden aktuelle Herausforderungen und Zukunftsvisionen diskutiert. Was braucht eine geschlechtergerechte Kulturlandschaft? Welche Rolle kann ein Verein wie das Frauenkulturb\u00fcro k\u00fcnftig einnehmen? Und wie lassen sich feministische Netzwerke und solidarische Strukturen nachhaltig gestalten?<\/p>\n<p>&nbsp;<\/p>\n<h2>Termine<\/h2>\n<p><strong data-start=\"1857\" data-end=\"1917\">Auftakt: 31. Mai 2025, 15 Uhr<br \/>\n\u201eRaum f\u00fcr Wandel: Frauennetzwerke\u201c<br \/>\nin Kollaboration mit und im Kunstverein Siegen<\/strong><\/p>\n<p>Der Auftakttermin beginnt mit einer F\u00fchrung durch die Ausstellung <em data-start=\"1168\" data-end=\"1180\">\u201eh\u2081\u00e9sh\u2082r\u0325\u201c<\/em> des Berliner K\u00fcnstlerinnenduos <strong data-start=\"1212\" data-end=\"1225\">Peles Duo<\/strong>. Die Ausstellung widmet sich hybriden R\u00e4umen, K\u00f6rpern und Materialien \u2013 sie verbindet Mythologie, Reproduktion und Transformation mit einer skulpturalen Intervention im \u00f6ffentlichen Raum und hinterfragt Konzepte von Originalit\u00e4t, Sichtbarkeit und Erinnerung.<br \/>\nWeitere Informationen zur Ausstellung auf der <a href=\"https:\/\/www.kunstverein-siegen.de\/projects\/pelesduo\">Webseite des Kunstverein Siegen<\/a>.<\/p>\n<p>Im Anschluss:<strong> Erster Panel-Talk der Reihe \u201eFrauen \u2013 Kultur \u2013 B\u00fcro?\u201c<br \/>\n<\/strong>Thema: <strong>Raum f\u00fcr Wandel: Frauennetzwerke<\/strong><\/p>\n<p>Gemeinsam diskutieren wir:<br \/>\nWelche Rolle kann ein Verein wie das Frauenkulturb\u00fcro heute spielen \u2013 und was braucht eine geschlechtergerechte Kulturlandschaft von morgen? Frauennetzwerke sind heute wichtiger denn je: Sie schaffen R\u00e4ume f\u00fcr Austausch, Solidarit\u00e4t und strukturellen Wandel. Im Zentrum steht die Frage, wie K\u00fcnstlerinnen alternative Strukturen jenseits hierarchischer Modelle gestalten. Rhizomatisches Arbeiten \u2013 vernetzt, prozessorientiert und dezentral \u2013 bildet dabei ein starkes Gegenmodell zu m\u00e4nnlich dominierten Kunstgeschichten. Strategien wie Aneignung, Vervielf\u00e4ltigung und Kopie werden zu bewusstem Widerstand gegen patriarchale Vorstellungen von Originalit\u00e4t. Durch neue Verkn\u00fcpfungen von Material, Erinnerung und Macht entstehen alternative Geschichts- und K\u00f6rperbilder. Der K\u00f6rper wird so zum Ort des Wandels und kollektiver Erfahrung im k\u00fcnstlerischen Raum.<\/p>\n<p data-start=\"1486\" data-end=\"1568\">Mit:<\/p>\n<p data-start=\"1486\" data-end=\"1568\"><strong><span style=\"color: #008080;\">\u00a0\/<\/span>\u00a0 <span style=\"color: #000000;\">Nicole Kreckel<\/span><\/strong> (Leitung Bildung und Kommunikation, MGKSiegen)<\/p>\n<p data-start=\"1642\" data-end=\"1732\"><strong data-start=\"1642\" data-end=\"1674\"><span style=\"color: #008080;\">\u00a0\/\u00a0 <\/span>Susanne El Hachimi-Schreiber<\/strong> (Redakteurin \/ Leitung Kulturressort, Siegener Zeitung)<\/p>\n<p data-start=\"1735\" data-end=\"1824\"><strong data-start=\"1735\" data-end=\"1757\"><span style=\"color: #008080;\">\u00a0\/\u00a0<\/span> Jennifer Cierlitza<\/strong> (K\u00fcnstlerische Leitung und Gesch\u00e4ftsf\u00fchrung, Kunstverein Siegen)<\/p>\n<p data-start=\"1827\" data-end=\"1877\"><strong data-start=\"1827\" data-end=\"1841\"><span style=\"color: #008080;\">\u00a0\/\u00a0<\/span> Lisa Mayer<\/strong> (Bildende K\u00fcnstlerin, D\u00fcsseldorf)<\/p>\n<p data-start=\"1879\" data-end=\"1965\">Moderation: <strong>Evamaria Schaller<\/strong> (Medienk\u00fcnstlerin und Vorstand Frauenkulturb\u00fcro NRW)<\/p>\n","protected":false},"excerpt":{"rendered":"<p>Paneltalk-Reihe: Perspektiven f\u00fcr die Zukunft Mit der Schlie\u00dfung&hellip;<\/p>\n","protected":false},"author":4,"featured_media":0,"parent":23108,"menu_order":4,"comment_status":"closed","ping_status":"closed","template":"","meta":{"footnotes":""},"class_list":["post-23148","page","type-page","status-publish","hentry"],"_links":{"self":[{"href":"https:\/\/www.frauenkulturbuero-nrw.de\/index.php?rest_route=\/wp\/v2\/pages\/23148","targetHints":{"allow":["GET"]}}],"collection":[{"href":"https:\/\/www.frauenkulturbuero-nrw.de\/index.php?rest_route=\/wp\/v2\/pages"}],"about":[{"href":"https:\/\/www.frauenkulturbuero-nrw.de\/index.php?rest_route=\/wp\/v2\/types\/page"}],"author":[{"embeddable":true,"href":"https:\/\/www.frauenkulturbuero-nrw.de\/index.php?rest_route=\/wp\/v2\/users\/4"}],"replies":[{"embeddable":true,"href":"https:\/\/www.frauenkulturbuero-nrw.de\/index.php?rest_route=%2Fwp%2Fv2%2Fcomments&post=23148"}],"version-history":[{"count":5,"href":"https:\/\/www.frauenkulturbuero-nrw.de\/index.php?rest_route=\/wp\/v2\/pages\/23148\/revisions"}],"predecessor-version":[{"id":23175,"href":"https:\/\/www.frauenkulturbuero-nrw.de\/index.php?rest_route=\/wp\/v2\/pages\/23148\/revisions\/23175"}],"up":[{"embeddable":true,"href":"https:\/\/www.frauenkulturbuero-nrw.de\/index.php?rest_route=\/wp\/v2\/pages\/23108"}],"wp:attachment":[{"href":"https:\/\/www.frauenkulturbuero-nrw.de\/index.php?rest_route=%2Fwp%2Fv2%2Fmedia&parent=23148"}],"curies":[{"name":"wp","href":"https:\/\/api.w.org\/{rel}","templated":true}]}}