{"id":346,"date":"2012-07-25T15:01:09","date_gmt":"2012-07-25T15:01:09","guid":{"rendered":"http:\/\/frauen.florian-quinkertz.de\/?page_id=346"},"modified":"2021-01-17T16:14:41","modified_gmt":"2021-01-17T16:14:41","slug":"tanz","status":"publish","type":"page","link":"https:\/\/www.frauenkulturbuero-nrw.de\/?page_id=346","title":{"rendered":"Tanz"},"content":{"rendered":"<p><strong>Gliederung:<\/strong><\/p>\n<p><a title=\"Permanent-Link zu Ausschreibungen und Wettbewerbe\" href=\"#spausschreibungtanz\" rel=\"bookmark\">Ausschreibungen\/Wettbewerbe<\/a><br \/>\n<a title=\"Permanent-Link zu Institutionen, Organisationen\" href=\"#spinstitutionentanz\" rel=\"bookmark\">Institutionen\/Organisationen<\/a><\/p>\n<p><a name=\"spausschreibungtanz\"><\/a><strong>Ausschreibungen\/Wettbewerbe<\/strong><\/p>\n<p><strong><a href=\"http:\/\/www.callforkunst.de\" target=\"_blank\" rel=\"noopener noreferrer\">call for kunst<\/a><\/strong>\u00a0bietet eine kostenlose \u00dcbersicht \u00fcber aktuelle F\u00f6rderungen im Bereich der Darstellende K\u00fcnste und Open Calls f\u00fcr die freie Szene.\u00a0\u00a0<\/p>\n<p><a href=\"http:\/\/www.bv-tanzinschulen.de\/chancetanz\/\" target=\"_blank\" rel=\"noopener noreferrer\">ChanceTanz <\/a>\u00a0ist ein Programm\u00a0des Bundesverband Tanz in Schulen e.V. f\u00f6rdert tanzk\u00fcnstlerische Projekte, die sich an bildungsbenachteiligte Kinder und Jugendliche richten und von lokalen B\u00fcndnissen getragen werden.<\/p>\n<p>&nbsp;<\/p>\n<p><strong>Institutionen\/Organisationen\/Netzwerke<\/strong><\/p>\n<div>\n<p>Die <a href=\"https:\/\/www.lag-tanz-nrw.de\/\" target=\"_blank\" rel=\"noopener noreferrer\">Landesarbeitsgemeinschaft Tanz NRW<\/a> &#8211; vor 70 Jahren gegr\u00fcndet &#8211; ist ma\u00dfgeblich an der Entwicklung der tanzkulturellen Szene des Landes NRW beteiligt und f\u00fcr die Vermittlung des Kulturgutes Tanz in seiner Vielfalt aktiv. Kernaufgabe ist die F\u00f6rderung einer kulturell\u00ad\u00e4sthetischen Bildung von jungen Menschen im Schwerpunkt Tanz.\u00a0<\/p>\n<p>Das\u00a0<a href=\"http:\/\/www.landesbuerotanz.de\/\" target=\"_blank\" rel=\"noopener noreferrer\">nrw landesbuero tanz<\/a> in K\u00f6ln wird getragen von der Gesellschaft f\u00fcr Zeitgen\u00f6ssischen Tanz NRW e.V. und setzt sich f\u00fcr die St\u00e4rkung des k\u00fcnstlerischen Tanzschaffens in Nordrhein-Westfalen ein. Das Landeb\u00fcro b\u00fcndelt Informationen \u00fcber die Tanzaktivit\u00e4ten in Nordrhein-Westfalen und stellt diese allen Interessierten zur Verf\u00fcgung. Dabei richtet es sich sowohl an die Tanzszene, beispielsweise mit Fortbildungen, als auch an Institutionen und das Publikum (siehe Tanzkalender).<\/p>\n<p>\nDer\u00a0<a href=\"https:\/\/www.landesbuerotanz.de\/tanzkalender\/\" target=\"_blank\" rel=\"noopener noreferrer\">tanzkalender nrw<\/a>\u00a0gibt einen umfassenden \u00dcberblick \u00fcber das Tanzland NRW.<\/p>\n<p>Die\u00a0<a href=\"http:\/\/www.tanzmesse.com\/\" target=\"_blank\" rel=\"noopener noreferrer\">internationalen tanzmesse<\/a>\u00a0f\u00f6rdert den internationalen Austausch mit und in NRW.<\/p>\n<p>Die\u00a0<a href=\"https:\/\/www.lag-tanz-nrw.de\/digitale-tanzvermittlung\/\" target=\"_blank\" rel=\"noopener noreferrer\">Tanzvermittlung<\/a>\u00a0hilft bei der Durchf\u00fchrung verschiedenster Projekte.<\/p>\n<p>Das <a href=\"http:\/\/www.tanzhaus-nrw.de\/\" target=\"_new\" rel=\"noopener noreferrer\">tanzhaus nrw<\/a> in D\u00fcsseldorf bietet Kurse und Workshops und veranstaltet Festivals.\u00a0Neben einem ganzj\u00e4hrigen Vorstellungsprogramm im zeitgen\u00f6ssischen Tanz unterst\u00fctzt das tanzhaus nrw kontinuierlich K\u00fcnstler aus dem In- und Ausland bei der Entwicklung neuer Projekte. Dies k\u00f6nnen Residenzen, Hilfe bei Technik, \u00d6ffentlichkeitsarbeit und Dramaturgie sein, Ausrichtung der Urauff\u00fchrung, Produktionszusch\u00fcsse, Beratung bei der Akquise finanzieller Mittel und Koproduzenten sowie t\u00e4gliche Trainingsm\u00f6glichkeiten sein.<\/p>\n<p>Das <a href=\"http:\/\/www.nrw-landesbuero-kultur.de\/\" target=\"_blank\" rel=\"noopener noreferrer\">NRW Landesb\u00fcro Freie Kultur<\/a> f\u00f6rdert die Entwicklung der Freien Kultur- und Theaterarbeit in Nordrhein-Westfalen. In diesem Zusammenhang vergibt das Landesb\u00fcro einmal im Jahr Projektf\u00f6rdermittel des Ministeriums f\u00fcr Familie, Kinder, Jugend, Kultur und Sport des Landes Nordrhein-Westfalen an herausragende kulturelle Projekte aller Sparten und k\u00fcnstlerischen Arbeitsfelder der Freien Szene. Mit dem Konzept \u201etanz + theater machen stark!\u201c f\u00f6rdert der Bundesverband freier Theater im Jahr 2014 Projekte, bei denen K\u00fcnstlerinnen und K\u00fcnstler mit bildungsbenachteiligten Kindern und Jugendlichen zusammenarbeiten. Voraussetzung ist die Bildung lokaler B\u00fcndnisse.\u00a0Im Jahr 2014 k\u00f6nnen jeweils bis zum 15.04.2014 und 15.09.2014 Projektskizzen eingereicht werden<\/p>\n<p>Der <a href=\"http:\/\/www.pact-zollverein.de\/\" target=\"_new\" rel=\"noopener noreferrer\">PACT Zollverein<\/a> \u2013 Performing Arts Choreographisches Zentrum NRW Tanzlandschaft Ruhr \u2013 in Essen verbindet die Idee eines internationalen Theaters, eines K\u00fcnstlerhauses sowie eines Instituts f\u00fcr Forschung und Entwicklung und arbeitet ohne festes Ensemble. Laboratorien f\u00fcr Eigen-, Koproduktionen sowie Nachwuchsplattformen, tempor\u00e4re Lernarchitekturen und Netzwerkprojekte stehen im Vordergrund der programmatischen Arbeit. Trainings, Workshops, international ausgeschriebene Residenzen sowie Ateliers komplettieren das vielseitige Angebot f\u00fcr regionale und internationale K\u00fcnstlerInnen. Das \u00f6ffentliche Programm besteht aus hochwertigen Eigenproduktionen, internationalen Koproduktionen und Gastspielen und steht in enger Verbindung mit der programmatischen, transdisziplin\u00e4ren Arbeit.<\/p>\n<p>Das <a href=\"http:\/\/www.sk-kultur.de\/tanz\/\" target=\"_new\" rel=\"noopener noreferrer\">Deutsche Tanzarchiv<\/a> in K\u00f6ln widmet sich neben der Bewahrung von Zeugnissen der Tanzkunst verst\u00e4rkt der wissenschaftlichen Aufarbeitung und Pr\u00e4sentation dieser Dokumente in Ausstellungen und Publikationen.<\/p>\n<p>Der <a href=\"http:\/\/www.bv-tanzinschulen.de\" target=\"_new\" rel=\"noopener noreferrer\">Bundesverband Tanz in Schulen<\/a> ist ein unabh\u00e4ngiger und \u00fcbergreifender Zusammenschluss von Einzelpersonen, Projekten und Institutionen. Oberstes Ziel dieses Vereins ist, zeitgen\u00f6ssische Tanzkunst und Tanzkultur in der schulischen Bildung zu etablieren.<\/p>\n<p>Die\u00a0<a href=\"http:\/\/www.academycologne.org\/de\/news-detail-nodate\/article\/open-call.html\" target=\"_blank\" rel=\"noopener noreferrer\">Akademie der K\u00fcnste der Welt<\/a>\u00a0ist eine internationale K\u00fcnstlergesellschaft mit Sitz in K\u00f6ln. Sie wurde 2012 mit dem Ziel gegr\u00fcndet, den inter- und transkulturellen Dialog innerhalb der K\u00fcnste zu f\u00f6rdern und\u00a0setzt sich aus K\u00fcnstler_innen, Musiker_innen, Choreograph_innen, Theaterregisseur_innen, Filmemacher_innen, Autor_innen, Kurator_innen und anderen Kulturschaffenden unterschiedlicher k\u00fcnstlerischer und geografischer Provenienz zusammen.\u00a0Die Akademie vergibt auch Zusch\u00fcsse an Einzelk\u00fcnstler\/innen oder K\u00fcnstlergruppen.\u00a0<\/p>\n<p><strong>Netzwerke<\/strong><\/p>\n<p><a href=\"http:\/\/www.barnescrossing.de\/\" target=\"_blank\" rel=\"noopener noreferrer\">Barnes Crossing<\/a> &#8211;\u00a0Freiraum f\u00fcr TanzPerformanceKunst &#8211;\u00a0ist ein Netzwerk von aktiven K\u00fcnstlerInnen\u00a0mit dem Ziel, Bewegungsr\u00e4ume f\u00fcr Kunst zu schaffen.\u00a0Die Produktions- und Auff\u00fchrungsr\u00e4ume in der Wachsfabrik, K\u00f6ln bieten Tanzschaffenden und Publikum gleicherma\u00dfen ein interessantes Angebot neuer (Wahrnehmungs-) M\u00f6glichkeiten.<\/p>\n<\/div>\n","protected":false},"excerpt":{"rendered":"<p>Gliederung: Ausschreibungen\/Wettbewerbe Institutionen\/Organisationen Ausschreibungen\/Wettbewerbe call for kunst\u00a0bietet eine&hellip;<\/p>\n","protected":false},"author":4,"featured_media":0,"parent":357,"menu_order":59,"comment_status":"closed","ping_status":"closed","template":"","meta":{"footnotes":""},"class_list":["post-346","page","type-page","status-publish","hentry"],"_links":{"self":[{"href":"https:\/\/www.frauenkulturbuero-nrw.de\/index.php?rest_route=\/wp\/v2\/pages\/346","targetHints":{"allow":["GET"]}}],"collection":[{"href":"https:\/\/www.frauenkulturbuero-nrw.de\/index.php?rest_route=\/wp\/v2\/pages"}],"about":[{"href":"https:\/\/www.frauenkulturbuero-nrw.de\/index.php?rest_route=\/wp\/v2\/types\/page"}],"author":[{"embeddable":true,"href":"https:\/\/www.frauenkulturbuero-nrw.de\/index.php?rest_route=\/wp\/v2\/users\/4"}],"replies":[{"embeddable":true,"href":"https:\/\/www.frauenkulturbuero-nrw.de\/index.php?rest_route=%2Fwp%2Fv2%2Fcomments&post=346"}],"version-history":[{"count":5,"href":"https:\/\/www.frauenkulturbuero-nrw.de\/index.php?rest_route=\/wp\/v2\/pages\/346\/revisions"}],"predecessor-version":[{"id":19865,"href":"https:\/\/www.frauenkulturbuero-nrw.de\/index.php?rest_route=\/wp\/v2\/pages\/346\/revisions\/19865"}],"up":[{"embeddable":true,"href":"https:\/\/www.frauenkulturbuero-nrw.de\/index.php?rest_route=\/wp\/v2\/pages\/357"}],"wp:attachment":[{"href":"https:\/\/www.frauenkulturbuero-nrw.de\/index.php?rest_route=%2Fwp%2Fv2%2Fmedia&parent=346"}],"curies":[{"name":"wp","href":"https:\/\/api.w.org\/{rel}","templated":true}]}}