{"id":6634,"date":"2015-08-20T13:18:03","date_gmt":"2015-08-20T13:18:03","guid":{"rendered":"http:\/\/www.frauenkulturbuero-nrw.de\/?page_id=6634"},"modified":"2020-12-13T13:04:06","modified_gmt":"2020-12-13T13:04:06","slug":"bolles-wilson-dreihausfrauen","status":"publish","type":"page","link":"https:\/\/www.frauenkulturbuero-nrw.de\/?page_id=6634","title":{"rendered":"Bolles-Wilson\/ Dreihausfrauen"},"content":{"rendered":"<h1><strong>Der K\u00dcNSTLERINNENPREIS NRW\u00a0IM BEREICH BAUKUNST\u00a0<\/strong><\/h1>\n<h2><strong>Eine Ausstellung im Haus der Architekten, D\u00fcsseldorf\u00a0<\/strong><\/h2>\n<p>vom\u00a016. Februar \u2013 4. April 2011<strong><br \/><\/strong><\/p>\n<p>Die Ausstellung wurde vom Frauenkulturb\u00fcro NRW organisiert und von Frau Annette Reker kuratiert. Wir danken dem Ministerium f\u00fcr Gesundheit, Emanzipation, Pflege und Alter f\u00fcr die F\u00f6rderung der Ausstellung. Wir danken dem Haus der Architekten f\u00fcr die gro\u00dfz\u00fcgige Unterst\u00fctzung und die sehr gute Kooperation. Wir bedanken uns auch bei allen beteiligten Architektinnen f\u00fcr ihre professionelle Mitwirkung.<\/p>\n\n\t\t<style type=\"text\/css\">\n\t\t\t#gallery-1 {\n\t\t\t\tmargin: auto;\n\t\t\t}\n\t\t\t#gallery-1 .gallery-item {\n\t\t\t\tfloat: left;\n\t\t\t\tmargin-top: 10px;\n\t\t\t\ttext-align: center;\n\t\t\t\twidth: 20%;\n\t\t\t}\n\t\t\t#gallery-1 img {\n\t\t\t\tborder: 2px solid #cfcfcf;\n\t\t\t}\n\t\t\t#gallery-1 .gallery-caption {\n\t\t\t\tmargin-left: 0;\n\t\t\t}\n\t\t\t\/* see gallery_shortcode() in wp-includes\/media.php *\/\n\t\t<\/style>\n\t\t<div id='gallery-1' class='gallery galleryid-6634 gallery-columns-5 gallery-size-thumbnail'><dl class='gallery-item'>\n\t\t\t<dt class='gallery-icon landscape'>\n\t\t\t\t<img decoding=\"async\" width=\"190\" height=\"190\" src=\"https:\/\/www.frauenkulturbuero-nrw.de\/wp-content\/uploads\/Bredehorst_Shalapour_Saylan_Bolles-Wilson_Gola_Christiani_Schramm-190x190.jpg\" class=\"attachment-thumbnail size-thumbnail\" alt=\"\" \/>\n\t\t\t<\/dt><\/dl><dl class='gallery-item'>\n\t\t\t<dt class='gallery-icon landscape'>\n\t\t\t\t<img decoding=\"async\" width=\"190\" height=\"190\" src=\"https:\/\/www.frauenkulturbuero-nrw.de\/wp-content\/uploads\/IMG_0816-190x190.jpg\" class=\"attachment-thumbnail size-thumbnail\" alt=\"\" \/>\n\t\t\t<\/dt><\/dl><dl class='gallery-item'>\n\t\t\t<dt class='gallery-icon landscape'>\n\t\t\t\t<img decoding=\"async\" width=\"190\" height=\"190\" src=\"https:\/\/www.frauenkulturbuero-nrw.de\/wp-content\/uploads\/Gruppenbild_auf-der-Galerie-190x190.jpg\" class=\"attachment-thumbnail size-thumbnail\" alt=\"\" \/>\n\t\t\t<\/dt><\/dl><dl class='gallery-item'>\n\t\t\t<dt class='gallery-icon landscape'>\n\t\t\t\t<img loading=\"lazy\" decoding=\"async\" width=\"190\" height=\"190\" src=\"https:\/\/www.frauenkulturbuero-nrw.de\/wp-content\/uploads\/Dreihausfrauen1-190x190.jpg\" class=\"attachment-thumbnail size-thumbnail\" alt=\"\" \/>\n\t\t\t<\/dt><\/dl>\n\t\t\t<br style='clear: both' \/>\n\t\t<\/div>\n\n<p><span class=\"legende\">Fotos: Architektenkammer NRW<\/span><\/p>\n<p>Download Publikation:\u00a0<a href=\"http:\/\/frauenkulturbuero-nrw.de\/download\/Internet.pdf\" target=\"_blank\" rel=\"noopener noreferrer\">Der K\u00fcnsterinnenpreis Nordrhein-Westfalen 2010<\/a><\/p>\n<p>Vorgestellt wurden die Arbeiten und pers\u00f6nlichen Lebensl\u00e4ufe von:<\/p>\n<ul>\n<li>Prof. Julia B. Bolles-Wilson, Hauptpreistr\u00e4gerin des K\u00fcnstlerinnenpreises Nordrhein-Westfalen im Bereich Baukunst 2010<\/li>\n<li>den DREIHAUSFRAUEN Patricia Gola, Defne Saylan und Shidokht Shalapour<\/li>\n<li>dem Team Gerhild Burkhard und Judith Kusch<\/li>\n<li>dem Team Rebecca Junge und Christine Wolf<\/li>\n<li>Prof. Hilde Le\u00f3n<\/li>\n<li>Ina-Marie Orawiec<\/li>\n<li>Eva Reber<\/li>\n<li>Judith Reitz<\/li>\n<li>und Henrike Thiemann<\/li>\n<\/ul>\n<hr \/>\n<p>&nbsp;<\/p>\n","protected":false},"excerpt":{"rendered":"<p>Der K\u00dcNSTLERINNENPREIS NRW\u00a0IM BEREICH BAUKUNST\u00a0 Eine Ausstellung im&hellip;<\/p>\n","protected":false},"author":4,"featured_media":0,"parent":2684,"menu_order":80,"comment_status":"closed","ping_status":"closed","template":"","meta":{"footnotes":""},"class_list":["post-6634","page","type-page","status-publish","hentry"],"_links":{"self":[{"href":"https:\/\/www.frauenkulturbuero-nrw.de\/index.php?rest_route=\/wp\/v2\/pages\/6634","targetHints":{"allow":["GET"]}}],"collection":[{"href":"https:\/\/www.frauenkulturbuero-nrw.de\/index.php?rest_route=\/wp\/v2\/pages"}],"about":[{"href":"https:\/\/www.frauenkulturbuero-nrw.de\/index.php?rest_route=\/wp\/v2\/types\/page"}],"author":[{"embeddable":true,"href":"https:\/\/www.frauenkulturbuero-nrw.de\/index.php?rest_route=\/wp\/v2\/users\/4"}],"replies":[{"embeddable":true,"href":"https:\/\/www.frauenkulturbuero-nrw.de\/index.php?rest_route=%2Fwp%2Fv2%2Fcomments&post=6634"}],"version-history":[{"count":1,"href":"https:\/\/www.frauenkulturbuero-nrw.de\/index.php?rest_route=\/wp\/v2\/pages\/6634\/revisions"}],"predecessor-version":[{"id":19709,"href":"https:\/\/www.frauenkulturbuero-nrw.de\/index.php?rest_route=\/wp\/v2\/pages\/6634\/revisions\/19709"}],"up":[{"embeddable":true,"href":"https:\/\/www.frauenkulturbuero-nrw.de\/index.php?rest_route=\/wp\/v2\/pages\/2684"}],"wp:attachment":[{"href":"https:\/\/www.frauenkulturbuero-nrw.de\/index.php?rest_route=%2Fwp%2Fv2%2Fmedia&parent=6634"}],"curies":[{"name":"wp","href":"https:\/\/api.w.org\/{rel}","templated":true}]}}